m**2 - m + 4. Let w(k) = -7*k**2 - k + 7. Let r(y) = -5*p(y) + 2*w(y). What are the prime factors of r(7)?
2
Let w = 6 - 58. Suppose c + 3*h - 74 = 0, 2*c - h - 272 = -c. Let n = w + c. List the prime factors of n.
37
Let c = 5813 + -2484. List the prime factors of c.
3329
Suppose 2*y - 2*x - 90 = 8, 226 = 4*y + 2*x. Suppose -y = -2*n - 4*b, -2*n = b - 0*b - 51. What are the prime factors of n?
5
Let q be ((-176)/60*-3)/(2/(-10)). Let b = 72 + q. What are the prime factors of b?
2, 7
Let p = -837 + 1213. What are the prime factors of p?
2, 47
Let u(b) = -4*b - 1. Let p(k) = k + 1. Let z(r) = -2*p(r) - u(r). Let f be z(-7). Let q = f - -55. List the prime factors of q.
2, 5
Let i(a) = -a**2 + 9*a - 8. Let g(n) = -n**2 + 8*n. Suppose w - 6*w + 35 = 0. Let r be g(w). What are the prime factors of i(r)?
2, 3
Let b be (-221)/(-119) + 1/7. List the prime factors of (-1092)/(b - 6) + -5.
2, 67
Let i be (6 - 4)/(4 + -3). Suppose 0 = -r - i, -t + 2*t - 2*r - 55 = 0. List the prime factors of t.
3, 17
Suppose -3 = d, 5 = -3*j + 2*j - 5*d. What are the prime factors of (5/j)/((-1)/(-114))?
3, 19
Suppose 0 = -4*c + 4*k - 244, 0 = -0*c + c + 2*k + 76. Let j = c + 138. What are the prime factors of j?
2, 3
Let f(q) = -2*q + 20. Let z be f(17). Let y = z + 86. What are the prime factors of y?
2, 3
Let h(u) = u**2 - 26*u + 45. What are the prime factors of h(35)?
2, 3, 5
Suppose 0 = -5*q - r + 29, -q = -2*q - 2*r + 13. Let h(f) = f - 4. Let v be h(q). What are the prime factors of 36 - (2/v - -2)?
2
List the prime factors of (99 - 98)/((-1)/(-2735)).
5, 547
Let h be 13*(0 + 6)/3. Suppose 11 = -5*o + h. Let y = 16 - o. What are the prime factors of y?
13
Suppose 36 = 2*z + 3*y, 32 = -4*z + 6*z + 2*y. What are the prime factors of 3105/z + (-8)/(-32)?
7, 37
Let i be 4/22 + (-265)/(-55). Suppose z + 2*z = -i*a + 20, -3*a = -12. Suppose z = -v + 12 + 28. What are the prime factors of v?
2, 5
Suppose -5*f + 16 = 3*f. Suppose 0 = -5*i - 2*h + 745, -2*h - 765 = f*i - 7*i. List the prime factors of i.
151
Let d = -32 + 55. Suppose -109 = -6*x + d. What are the prime factors of x?
2, 11
Let b = 1 + 4. Suppose -51 + 6 = -b*y. Suppose -6*a - 105 = -y*a. List the prime factors of a.
5, 7
Let a = -75 - -77. Suppose a*q = 5*q - 210. List the prime factors of q.
2, 5, 7
Suppose 5*r + 4*n + 2852 = 10*r, 0 = -2*r - n + 1146. List the prime factors of r.
2, 11, 13
Let n = -16 + 45. Suppose -2*i + n = i + 4*h, 0 = i - 4*h + 17. Suppose 2*o = 4, 5*q - q = -i*o + 86. What are the prime factors of q?
2, 5
Let k(u) be the third derivative of -u**6/120 - 11*u**5/60 - u**4/8 - u**3 + 10*u**2. What are the prime factors of k(-11)?
3
Let i(r) = -r**3 + 11*r**2 - 8*r - 7. Let u be i(9). List the prime factors of (-2 + 3)*(u - -1).
2, 3, 7
Let v = 28 + -36. List the prime factors of (-2170)/(-40) - (-2)/v.
2, 3
Let w(q) be the first derivative of q**2/2 + 147*q - 14. List the prime factors of w(0).
3, 7
Let p(s) = -4*s**3 - s**2 - 2*s - 1. Suppose -b - 4 + 3 = 0. Let k be p(b). Let f(m) = m**3 - m**2 - m + 5. What are the prime factors of f(k)?
7
Let h = -4 + 6. Suppose -3*c + 7*c = 8. Suppose -3*l + 11 = h*p, -3*l + 24 = -l - c*p. List the prime factors of l.
7
Let j = -438 + 281. Let b = j - -290. What are the prime factors of b?
7, 19
Let r = -32 - -36. Suppose q = r - 0. Suppose 208 = 4*s + q*c, -4*s + 6*s - 104 = -3*c. List the prime factors of s.
2, 13
Let k = 34 + -32. Suppose -5*q + k*s + 596 = s, 3*q - 4*s - 344 = 0. List the prime factors of q.
2, 3, 5
Let n(x) = 18*x - 4. Let j be n(3). Let m = j + -20. Suppose -5*o + m = -65. What are the prime factors of o?
19
Suppose 13*x - 12 = 9*x. Suppose -x*a + 40 = 4*j, a = -a + 2*j + 8. List the prime factors of (1 + 1)/(a/212).
53
Let o(z) = 32*z - 231. What are the prime factors of o(21)?
3, 7
Let o(a) = a**3 + 4*a**2 - 3*a + 7. Let k be o(-5). List the prime factors of 13/(-2)*(k + 1).
13
Suppose 2*o = r + 1536, -2*o + 2*r + 1607 = 71. Suppose q - 7*q = -o. List the prime factors of q.
2
Let w(b) = -b**3 + 7*b + 9. Let a = 52 + -58. List the prime factors of w(a).
3, 61
Let j(u) = 8*u**2 + 5*u - 6. What are the prime factors of j(-15)?
3, 191
Let u(z) = -3*z**2 - 12*z - 10. Let k(m) = -5*m**2 - 23*m - 19. Let b(w) = -4*k(w) + 7*u(w). Let l be b(11). What are the prime factors of (-900)/l + 2/(-6)?
3, 11
Let j = -92 + 82. List the prime factors of (6/j)/3 + 4896/30.
163
Let w(l) = 20*l - 13. Let x be w(3). List the prime factors of (-4 + 2)*x*(-1)/1.
2, 47
Let r = 1882 + -320. What are the prime factors of r?
2, 11, 71
Let k be (-840)/7*6/15. Let y = 31 - k. List the prime factors of y.
79
Suppose -7*i + 4*i - 2*w + 1087 = 0, -2*w - 1801 = -5*i. What are the prime factors of i?
19
Let d(b) = b**2 - 12*b + 16. Let q be d(11). Suppose 4*y - 342 = q*c, -4*c + 0*y = -4*y + 276. What are the prime factors of (-4)/22 - 672/c?
2, 5
List the prime factors of ((-81)/54 - 173/(-2)) + -1.
2, 3, 7
Let y be (-230)/(-4)*1 - 2/4. Let h = -34 + y. What are the prime factors of h?
23
Suppose -4*o - 35 = -9*o. Let s = 9 - o. Suppose -3*h - u + s + 0 = 0, 30 = 5*h - 5*u. List the prime factors of h.
2
Let a = -15 + 30. Let c = -13 + a. What are the prime factors of ((-3)/c)/((-3)/6)?
3
Let x(u) = u**3 + u**2 + 1. Let p be x(-2). Let j be 21/p*(-18)/21. Suppose -2*d + 9 = t, 4*t + d + j = 21. List the prime factors of t.
3
Let d(r) = 8*r + 53. Suppose -3*t = -4*t + 26. What are the prime factors of d(t)?
3, 29
Let a = -1 + -49. Let n = -84 - a. List the prime factors of (-1275)/n*4/3.
2, 5
Let r(n) = -n - 4. Let h be r(-6). Let f = 218 + 112. Suppose -h*z + f = 3*z. List the prime factors of z.
2, 3, 11
Let h = 59 - 31. What are the prime factors of (-12 + -1)/(((-63)/h)/9)?
2, 13
Let i(j) = 2*j - 15. Let f be i(6). Let n(c) = 2*c**3 - c**2 + c - 2*c**2 - 4*c**3 - 2. List the prime factors of n(f).
2, 11
Let o(t) = 60*t**2 + 26*t + 31. List the prime factors of o(-6).
5, 11, 37
Let k be (-1 + 3)*(1 + 72 + 3). Suppose -k - 48 = -2*b. List the prime factors of b.
2, 5
Let n = -287 - -1071. List the prime factors of n.
2, 7
Let p = 202 - 139. Suppose 2*k - m - 35 = -k, -5*k = -4*m - p. Let r = -6 + k. What are the prime factors of r?
5
Let i = -221 + 518. What are the prime factors of i?
3, 11
Let o(i) = 124*i + 16. Let s be o(4). Suppose 4*g - 56 = -s. Let h = 163 + g. List the prime factors of h.
7
Suppose -5*y + 288 = -682. Suppose 16 = 5*u - y. Suppose 4*j - u - 66 = 0. What are the prime factors of j?
3
Suppose -2*s + 5*n - 11 = s, 2*s + 4*n = 22. Let a(z) = -z**2 - 5*z - 5. Let p be a(-4). List the prime factors of (-912)/(-36) + p/s.
5
Let y(i) = 18*i**2 + 11*i - 48. List the prime factors of y(5).
457
Let d(j) = 398*j - 2. List the prime factors of d(2).
2, 397
Let d(c) = -16*c + 172. List the prime factors of d(-13).
2, 5, 19
Let i(l) = -l**2 + 15*l - 12. Let y be i(14). Suppose 5 = j - y*q, -j - 4*q + 15 = 2*j. Suppose -a = j*a - 114. What are the prime factors of a?
19
Let f(o) = o**2 - 3*o - 16. Let j be f(6). Suppose 0 = -4*k - a + j*a + 556, 0 = 4*a - 16. What are the prime factors of k?
2, 5, 7
Suppose -4*b = -9*b. Let u(v) = -v**3 + v + 35. List the prime factors of u(b).
5, 7
Let s(o) = -o**3 - 23*o**2 + 51*o + 5. List the prime factors of s(-26).
7, 101
Let k = 32 + -2. Let n = k - 16. Suppose 70 = 5*o - c, -o = -0*o + 3*c - n. List the prime factors of o.
2, 7
Let l be (-5 - 4/(-1)) + 21. List the prime factors of (-4)/l - (-316)/5.
3, 7
Let k = 40 + 6. Let j = -172 - -175. Suppose -53 = -3*r - 4*o + k, 0 = -3*r - j*o + 102. What are the prime factors of r?
37
Suppose 0 = 2*t + 2*q - 190, 2*t - q - 184 = -0*t. What are the prime factors of t?
3, 31
Let t = -2 - -2. Suppose m - 1 = -m - q, t = -3*m - 3*q + 3. Let y = 3 + m. List the prime factors of y.
3
Suppose 6 = 2*x, 4*b - 103 = -5*x + 8. Let d be (b/(-30))/((-6)/495). Let l = d + -20. What are the prime factors of l?
2, 23
Let b(k) = -351*k - 7. List the prime factors of b(-1).
2, 43
Suppose -v + 207 = -2*o + 5*o, v = -3. What are the prime factors of o?
2, 5, 7
Let f = -121 + 123. Suppose 2*m = 5 + 27. Let s = f + m. What are the prime factors of s?
2, 3
Let u = 81 - 72. Let f(p) = 2*p - p + 2*p. List the prime factors of f(u).
3
Let z(m) = m - 4. Let p be z(4). Suppose 326*u 